 of u(s)?
8
Let d(l) be the third derivative of 313*l**5/20 - l**4/4 + l**3/2 + 3*l**2 - 15*l. What is the hundreds digit of d(1)?
9
Let t(y) = 3*y + 71. Suppose 89*u - 16 = 85*u. Suppose 2*f + u*f = -0*f. What is the units digit of t(f)?
1
Let f = 10074 - -13901. Let s be (-20)/(-60) - f/(-3). What is the tens digit of s/88 + (-6)/(-33)?
9
Let j(g) = 47*g - 52*g - 2 + g + 47*g. Let m be (1 - 7)*3/(-9). What is the tens digit of j(m)?
8
Let l = -533 - -519. What is the units digit of ((-85)/(-357) - (-8)/l)*-1077?
9
Let x be (8/6)/(-2) + 299/39. Suppose -4055 + 14758 = x*v. What is the thousands digit of v?
1
Let t(w) = 18*w**2 - 12*w - 79. What is the tens digit of t(-14)?
1
Let r be (-3 - 42/(-12))*0. Suppose r*s + 2*a + 35 = -s, -3*s - 90 = a. Let o = 84 + s. What is the tens digit of o?
5
Let j(n) = -44*n - 10. Let m be j(3). Let f = -29 - m. Suppose -117*g = -f*g - 344. What is the tens digit of g?
8
Let y(x) = 179*x**2 + 63*x - 324. What is the units digit of y(6)?
8
Let q be -4 + -3 + 14 - 4/1. Let b(z) = 14*z**3 - 5*z**2 + 12*z - 7. What is the hundreds digit of b(q)?
3
Let n = 8 + -8. Suppose n = 4*z - 5*y - 3021, 0*y + 2*y = -z + 739. What is the units digit of z?
9
Let f = -196 - -211. Suppose -f*p - 3336 = -19*p. What is the units digit of p?
4
Suppose -j - 3*n + 4076 = 0, 3*n = n + 10. What is the thousands digit of j?
4
Suppose 24*x - 22*x - 56 = 0. Suppose -45*q = -41*q - x. Suppose -q*a = 9*a - 1792. What is the units digit of a?
2
Let b be (-1 + 3)*5350/20. Suppose 2*n = -5*w + 3*n + 1318, -2*w = -3*n - b. Let y = w - 140. What is the hundreds digit of y?
1
Suppose 5*o + 3475 = 5*t, -6*t = -9*t + 5*o + 2085. Let w = t - 328. What is the hundreds digit of w?
3
Suppose -6*m - 28 = -2*m. Let a be (-4)/m + 83714/133. Suppose 0*d + 5*d - 4*f = a, -f - 125 = -d. What is the units digit of d?
0
Suppose 0*t + 2*t = 5*t. Suppose z + 2174 = 5*w - 0*z, t = 3*w + 3*z - 1308. What is the units digit of w?
5
Let i(x) = x**2 + 5*x + 6. Let r be i(-5). Let k(a) = 15*a**2 - 17*a - 4. What is the units digit of k(r)?
4
Let y be (1*15)/(-9*(-4)/36). Suppose -y*d + 1983 = -1317. What is the tens digit of d?
2
Let z(w) = 8*w - 167. Let j be z(21). What is the units digit of 3 + j/1 - -77?
1
Suppose -5*f - 3*c + 16 = -4*c, c - 5 = -2*f. Suppose f*z - 7*z - 128 = 0. Let d = 90 + z. What is the units digit of d?
8
Suppose -5*f = -5*a + 88750, -9*a = -7*a + f - 35506. What is the tens digit of a?
5
Let k(t) = 278*t**2 + 11*t - 52. What is the units digit of k(-11)?
5
Let d = -299 + 152. Let a(w) = -48*w - 832. Let g be a(-17). Let j = g - d. What is the hundreds digit of j?
1
Let v be -1 - 10 - (-8 - -4). Let n = 106 + v. Suppose 7*i - 8*i = -n. What is the units digit of i?
9
What is the ten thousands digit of 29 - 19 - (1 + -20702)?
2
Suppose g - 2*o - 790 = 0, 4*o - 1970 - 380 = -3*g. Suppose -10*z + 8*z = g. Let c = -252 - z. What is the tens digit of c?
4
Suppose -47*n + 50*n - 128444 = -5*v, 0 = -2*v + 2. What is the ten thousands digit of n?
4
Suppose 0 = 5*s - 5*h - 123505, -21965 - 52146 = -3*s - 5*h. What is the tens digit of s?
0
Let h be (-48)/(-20)*(39/2 - -3). Suppose -h*n + 50*n = -812. What is the units digit of n?
3
Let s(k) = -k**2 + 17*k - 9. Let o be s(17). Let c = 15 + o. Suppose 0 + c = h. What is the units digit of h?
6
What is the thousands digit of 3012 + -1 - (16/(-6) - 19/57)?
3
Let x(p) = -5*p**3 + 5*p**2 + 2*p + 9. Let o = 168 - 172. What is the tens digit of x(o)?
0
Let f(r) = r**2 - 30*r - 25. Let q(i) = i**3 - 13*i**2 + 22*i - 13. Let g be q(11). What is the tens digit of f(g)?
3
Suppose -6448 = -2*o + 5*j, -13*o + 10*o + 4*j = -9658. Let n = o + -1536. What is the units digit of n?
8
Let i(n) = 6*n**2 + 31*n - 67. Let o be i(-28). Suppose 2657 = 21*p - o. What is the hundreds digit of p?
3
Let y be -4 + 2 - (1 - 3). Suppose 16*u - 18*u + 950 = y. Suppose 73 = 4*k + 5*h - 412, 4*k = -3*h + u. What is the tens digit of k?
1
What is the tens digit of -3 - ((-6)/15 + 44596/(-10))?
5
Let b(f) = 1010*f + 1979. What is the ten thousands digit of b(13)?
1
Suppose -794 - 298 = -6*v. Suppose 4*r - 45 + 17 = 0. What is the tens digit of 2/13 - -594*r/v?
2
Let l = 18597 + -9701. Suppose -86*j = -78*j - l. What is the thousands digit of j?
1
Let l(d) = -d**3 - 33*d**2 - 62*d + 4. Let n be l(-31). Suppose 5*j + 3*v + 0*v = 2874, n*j - 2314 = 5*v. What is the units digit of j?
6
Suppose 9*o = 3*o + 870. Let j = 150 - o. What is the units digit of j?
5
Let q(b) = -161*b - 7. Suppose 2*h + 8*v + 12 = 4*v, -3*h - 4*v - 14 = 0. What is the units digit of q(h)?
5
Let i(l) = 5*l + 128. Let t(x) = -6*x**2 - 5*x - 10. Let n be t(-2). What is the units digit of i(n)?
8
What is the hundreds digit of 24*(-9)/(-378) + (0 - 246948/(-21))?
7
Suppose 0 = -4*x + 132 + 60. What is the tens digit of (-12)/x + 781/4?
9
Let z(o) = 2*o + 28. Let t be z(-12). Suppose -a + 135 = 4*a. Suppose -i = t*d - 9, -i - 2*d = -4*i + a. What is the units digit of i?
9
Let q be (-12)/(24/(-4) + 8) + 6. Let y(z) be the third derivative of z**5/30 + z**4/12 + 77*z**3/3 + 3*z**2. What is the hundreds digit of y(q)?
1
Suppose 0 = -5*w - 2091 + 571. What is the hundreds digit of w/(-2) + 11/(77/(-14))?
1
What is the tens digit of -9 + 17 - ((-5732)/(-12))/((-4)/372)?
3
Let i(j) = 101*j**2 - 454*j - 9289. What is the ten thousands digit of i(-21)?
4
Let n(z) = -1354*z + 2487. What is the units digit of n(-12)?
5
Let c be 2/7 + (-30)/7 + 4. Suppose -44*v + 49*v = c. What is the units digit of (-1)/(-1 - v) + 173?
4
Let n = 85265 + -57272. What is the ten thousands digit of n?
2
Suppose -4*n + 2*y + 18 = -2*n, -5*y = 4*n. Suppose -2*f = -f - n. Suppose 3*d = f*d - 172. What is the units digit of d?
6
Suppose -5 + 13 = 8*n. What is the units digit of ((-5146)/(-186))/(n/6)?
6
Let z(u) = 160*u - 2. Let h be 0 + 2 + 8/(-2) + 4. What is the units digit of z(h)?
8
Let k(w) = w**3 + 5*w**2 + 2*w - 2. Let r be k(-2). Suppose 0 = -0*h + r*h - 48. What is the units digit of ((-1048)/(-3))/h*3?
1
Let x(l) = -11*l**3 + 24*l**2 + 235*l + 9. What is the hundreds digit of x(-9)?
8
Let q(k) = 199*k**2 - 3*k + 2. Let t be q(2). Suppose 30*w - 19*w = t. Suppose 0 = 18*g - 22*g + w. What is the units digit of g?
8
Let x = 345 + -308. Suppose x*q + 6924 = 43*q. What is the hundreds digit of q?
1
What is the tens digit of (-462 + 531)*83*1?
2
Suppose -2872*l - 108 = -2884*l. Let x(u) = -4*u**3 + 5*u**3 - 9*u**2 + 6*u - u - 10. What is the units digit of x(l)?
5
Let t(s) = -10*s + 117. Let n be t(-6). Suppose 877 = 2*y - n. What is the tens digit of y?
2
Let i = 39 + -68. Let y = 47 + i. Suppose -326 - 3238 = -y*s. What is the hundreds digit of s?
1
Let c be ((-30)/7 - -4)/(2/(-14)). What is the hundreds digit of 519*(-4 + (4 - c) + 3)?
5
Suppose 4*a - 1083 = 3*l, -5*l - 1371 = a + 434. Let f = l - -682. What is the tens digit of f?
2
Suppose 3*v = -37*s + 40*s - 92400, -s + 3*v + 30808 = 0. What is the hundreds digit of s?
7
Let r(v) = -2*v - 15. Let m be r(-7). What is the hundreds digit of (9 - 5) + 199 - m?
2
Let a = -115 - -118. Suppose -a*j = 2*r - 329, -r = 2*r + 5*j - 492. What is the tens digit of r?
6
Suppose 7*h - 2*h - 10 = 0, 0 = -2*g + 5*h - 7502. Let l be 5*(g/(-90) - (-2)/(-9)). Let y = -138 + l. What is the tens digit of y?
6
Let y be (-403)/(-91) + 4/7. Suppose y*q - 294 = -3*r, 2*r = -3*r - q + 490. Let l = 109 - r. What is the tens digit of l?
1
Suppose 0 = -q - 2*b + 43825, -3*b + 12229 = 2*q - 75417. What is the ten thousands digit of q?
4
What is the thousands digit of ((-1)/27)/(81/(-486)) + 1631140/90?
8
Suppose 452221 = -101*g + 150*g. What is the hundreds digit of g?
2
Let c(v) = -109*v + 5. Let k = -278 + 270. What is the units digit of c(k)?
7
Suppose 0 = 6*u - 4*u - 104. Let y = u + 115. Suppose 0 = k + 49 - y. What is the tens digit of k?
1
Suppose 2*k - j = -396, -2*k + 4*j + 196 = 586. Let h be (k/(-5))/(((-28)/(-35))/4). Suppose 0 = 6*z - 1309 + h. What is the hundreds digit of z?
1
Let v be -2*-15*(-8 + 9). What is the units digit of ((-2656)/20)/(v/(-75))?
2
Suppose 0 = 2*h + 4*o + 6, -2 = h + 5*o + 7. Let n(m) = -2005*m**3 + m**2. Let u be n(h). What is the units digit of (1/3)/(8012/u + 4)?
7
Let d(l) = 4*l**2 + 7*l + 34. Let k be d(-10). Let m = k + -32